3577?
7
What is the units digit of 115403367?
7
What is the thousands digit of 110697547?
7
What is the tens digit of 3033066497?
9
What is the ten thousands digit of 64156802?
5
What is the thousands digit of 140094207?
4
What is the ten thousands digit of 24114908?
1
What is the millions digit of 140732504?
0
What is the ten millions digit of 2223209439?
2
What is the tens digit of 82666164?
6
What is the hundreds digit of 60160613?
6
What is the millions digit of 750332427?
0
What is the thousands digit of 23878934?
8
What is the ten thousands digit of 825976946?
7
What is the ten millions digit of 31096966?
3
What is the units digit of 1955402048?
8
What is the hundreds digit of 959141613?
6
What is the hundred thousands digit of 44344404?
3
What is the thousands digit of 316202552?
2
What is the ten millions digit of 1958282739?
5
What is the ten millions digit of 45578343?
4
What is the hundred millions digit of 232948357?
2
What is the ten thousands digit of 284794957?
9
What is the hundreds digit of 1640940231?
2
What is the millions digit of 3196767519?
6
What is the hundred thousands digit of 2485325427?
3
What is the hundred millions digit of 4770764710?
7
What is the thousands digit of 49445001?
5
What is the tens digit of 421558114?
1
What is the hundred thousands digit of 625087708?
0
What is the hundred millions digit of 2838407811?
8
What is the units digit of 1661098582?
2
What is the hundred thousands digit of 526678482?
6
What is the millions digit of 4269596753?
9
What is the tens digit of 3497794369?
6
What is the hundred millions digit of 2716926492?
7
What is the ten millions digit of 13797351?
1
What is the hundred thousands digit of 25342334?
3
What is the hundreds digit of 107087101?
1
What is the ten millions digit of 18743478?
1
What is the thousands digit of 48355694?
5
What is the hundred millions digit of 824088526?
8
What is the ten thousands digit of 3129660487?
6
What is the hundred millions digit of 1024509506?
0
What is the units digit of 273295939?
9
What is the millions digit of 6598778862?
8
What is the tens digit of 189427524?
2
What is the hundreds digit of 646031007?
0
What is the units digit of 2090734094?
4
What is the ten millions digit of 23827098?
2
What is the units digit of 1002676539?
9
What is the ten thousands digit of 72412719?
1
What is the ten millions digit of 1023785642?
2
What is the billions digit of 5310601692?
5
What is the tens digit of 163477920?
2
What is the units digit of 55699736?
6
What is the millions digit of 256386348?
6
What is the units digit of 20298499?
9
What is the units digit of 1471111557?
7
What is the ten thousands digit of 1402813986?
1
What is the millions digit of 599020450?
9
What is the ten millions digit of 48776417?
4
What is the millions digit of 98911886?
8
What is the hundred millions digit of 710602588?
7
What is the hundred thousands digit of 1458258663?
2
What is the hundreds digit of 2148846099?
0
What is the tens digit of 1633157252?
5
What is the tens digit of 2448993052?
5
What is the hundreds digit of 902156?
1
What is the hundreds digit of 39708144?
1
What is the millions digit of 74691835?
4
What is the ten millions digit of 162177129?
6
What is the units digit of 112871929?
9
What is the thousands digit of 1945125996?
5
What is the hundreds digit of 277275336?
3
What is the billions digit of 1061668817?
1
What is the hundreds digit of 18726220?
2
What is the tens digit of 410437538?
3
What is the hundred thousands digit of 255386598?
3
What is the hundreds digit of 627007079?
0
What is the ten thousands digit of 61377833?
7
What is the units digit of 605609340?
0
What is the millions digit of 7410824562?
0
What is the thousands digit of 108942113?
2
What is the hundred millions digit of 995595496?
9
What is the millions digit of 14396437?
4
What is the ten thousands digit of 33117117?
1
What is the tens digit of 712645003?
0
What is the millions digit of 434337931?
4
What is the tens digit of 3306495884?
8
What is the hundred thousands digit of 24769570?
7
What is the ten millions digit of 764520022?
6
What is the units digit of 90086988?
8
What is the hundreds digit of 47613657?
6
What is the ten millions digit of 201998117?
0
What is the hundred millions digit of 317621648?
3
What is the tens digit of 1465098819?
1
What is the hundred thousands digit of 55715535?
7
What is the millions digit of 41785638?
1
What is the tens digit of 115453225?
2
What is the ten millions digit of 130575413?
3
What is the ten millions digit of 2385838086?
8
What is the ten thousands digit of 12724180?
2
What is the hundred thousands digit of 30001000?
0
What is the tens digit of 1835395244?
4
What is the millions digit of 2613490224?
3
What is the billions digit of 1775097221?
1
What is the ten millions digit of 993935247?
9
What is the hundreds digit of 45074925?
9
What is the units digit of 172737865?
5
What is the hundreds digit of 97276378?
3
What is the ten millions digit of 32864301?
3
What is the billions digit of 2441144927?
2
What is the ten millions digit of 981043421?
8
What is the hundred millions digit of 390156770?
3
What is the hundred thousands digit of 50618193?
6
What is the tens digit of 836030558?
5
What is the units digit of 44112423?
3
What is the hundred millions digit of 5174081796?
1
What is the tens digit of 409607708?
0
What is the millions digit of 242831387?
2
What is the hundred millions digit of 809344995?
8
What is the tens digit of 60121689?
8
What is the tens digit of 914744273?
7
What is the thousands digit of 39173450?
3
What is the millions digit of 658047037?
8
What is the hundred thousands digit of 16310168?
3
What is the tens digit of 1657950674?
7
What is the ten millions digit of 5345730685?
4
What is the tens digit of 4465108762?
6
What is the millions digit of 66301580?
6
What is the hundreds digit of 501332644?
6
What is the units digit of 43836061?
1
What is the hundreds digit of 213140878?
8
What is the hundreds digit of 11326868?
8
What is the hundred thousands digit of 72660384?
6
What is the hundreds digit of 1772058464?
4
What is the ten thousands digit of 8558962?
5
What is the millions digit of 36506505?
6
What is the millions digit of 87561779?
7
What is the tens digit of 4043344204?
0
What is the millions digit of 313149413?
3
What is the hundred millions digit of 203222734?
2
What is the units digit of 109765338?
8
What is the thousands digit of 406238743?
8
What is the ten thousands digit of 626279353?
7
What is the hundreds digit of 318586774?
7
What is the hundred thousands digit of 61719310?
7
What is the ten thousands digit of 1609497856?
9
What is the units digit of 5613728?
8
What is the tens digit of 608028832?
3
What is the ten thousands digit of 414681000?
8
What is the units digit of 321694809?
9
What is the tens digit of 34369663?
6
What is the hundreds digit of 657131248?
2
What is the ten millions digit of 2070080350?
7
What is the hundreds digit of 115586898?
8
What is the hundred millions digit of 142632484?
1
What is the millions digit of 18117219?
8
What is the hundreds digit of 36117473?
4
What is the millions digit of 228480957?
8
What is the tens digit of 14081422?
2
What is the millions digit of 9017207?
9
What is the ten thousands digit of 357655837?
5
What is the hundreds digit of 9575752?
7
What is the thousands digit of 131032429?
2
What is the ten thousands digit of 305036592?
3
What is the hundreds digit of 78142732?
7
What is the ten thousands digit of 10326335?
2
What is the thousands digit of 895445906?
5
What is the units digit of 1068633764?
4
What is the ten millions digit of 286346510?
8
What is the units digit of 15288614?
4
What is the hundred thousands digit of 1700348792?
3
What is the thousands digit of 51489750?
9
What is the thousands digit of 1638728?
8
What is the ten thousands digit of 25919666?
1
What is the tens digit of 38229924?
2
What is the ten millions digit of 3756977746?
5
What is the tens digit of 4028139768?
6
What is the hundred thousands digit of 67749205?
7
What is the tens digit of 1624450948?
4
What is the ten thousands digit of 226385940?
8
What is the thousands digit of 136313870?
3
What is the hundreds digit of 47878462?
4
What is the ten